{"id":3717,"date":"2023-11-04T19:19:19","date_gmt":"2023-11-04T18:19:19","guid":{"rendered":"https:\/\/shop.hsg-stuttgart-metzingen.de\/?post_type=product&#038;p=3717"},"modified":"2025-01-22T15:36:10","modified_gmt":"2025-01-22T14:36:10","slug":"spieler-classic-shorts-erima-kinder","status":"publish","type":"product","link":"https:\/\/shop.hsg-stuttgart-metzingen.de\/?product=spieler-classic-shorts-erima-kinder","title":{"rendered":"Spieler Classic Trikot Shorts Erima Kinder"},"content":{"rendered":"<p>Die CLASSIC-5-C SHORTS\u00a0 sind aus schnelltrocknenden, elastischen Materialien f\u00fcr Tragekomfort und Bewegungsfreiheit auf dem Spielfeld. Der verstellbare Stretch-Bund garantiert einen perfekte Passform und ein hitzebest\u00e4ndiger 5-C Print ziert die R\u00fcckseite. Ideal zu allen Trikots mit den ERIMA typischen f\u00fcnf W\u00fcrfeln.<\/p>\n<p><strong>Inkl. Druck Spielernummer<\/strong><\/p>\n<h3 class=\"description-block__title\">MATERIAL<\/h3>\n<ul class=\"description-block__content\">\n<li class=\"list-item\"><span class=\"list-item__value\">100% Polyester<\/span><\/li>\n<\/ul>\n<p><span class=\"list-item__title\">Pflege:<\/span>\u00a0<span class=\"list-item__value entry--content\">Maschinenw\u00e4sche bei 30 \u00b0C, nicht Trockner geeignet, kein Weichsp\u00fcler, nicht bleichen oder chemisch reinigen.<\/span><\/p>\n<p>&nbsp;<\/p>\n","protected":false},"excerpt":{"rendered":"<ul class=\"description-block__content\">\n<li><strong>Inkl. Druck Spielernummer<\/strong><\/li>\n<li class=\"list-item\"><span class=\"list-item__value\">Leichtes, feuchtigkeitsableitendes Material<\/span><\/li>\n<li class=\"list-item\"><span class=\"list-item__value\">Anpassbarer Stretch-Bund<\/span><\/li>\n<li class=\"list-item\"><span class=\"list-item__value\">Innenslip f\u00fcr mehr Komfort<\/span><\/li>\n<li class=\"list-item\"><span class=\"list-item__value\">Hitzebest\u00e4ndiger 5-C Print<\/span><\/li>\n<li class=\"list-item\"><span class=\"list-item__value\">Short hat keine Taschen<\/span><\/li>\n<\/ul>\n","protected":false},"featured_media":3834,"template":"","meta":[],"product_brand":[],"product_cat":[163,100,94,97],"product_tag":[],"class_list":{"0":"post-3717","1":"product","2":"type-product","3":"status-publish","4":"has-post-thumbnail","6":"product_cat-grundausstattung","7":"product_cat-hosen-kinder","8":"product_cat-hsg-team-kollektion","9":"product_cat-kinder","11":"first","12":"instock","13":"shipping-taxable","14":"purchasable","15":"product-type-variable","16":"has-default-attributes"},"_links":{"self":[{"href":"https:\/\/shop.hsg-stuttgart-metzingen.de\/index.php?rest_route=\/wp\/v2\/product\/3717","targetHints":{"allow":["GET"]}}],"collection":[{"href":"https:\/\/shop.hsg-stuttgart-metzingen.de\/index.php?rest_route=\/wp\/v2\/product"}],"about":[{"href":"https:\/\/shop.hsg-stuttgart-metzingen.de\/index.php?rest_route=\/wp\/v2\/types\/product"}],"wp:featuredmedia":[{"embeddable":true,"href":"https:\/\/shop.hsg-stuttgart-metzingen.de\/index.php?rest_route=\/wp\/v2\/media\/3834"}],"wp:attachment":[{"href":"https:\/\/shop.hsg-stuttgart-metzingen.de\/index.php?rest_route=%2Fwp%2Fv2%2Fmedia&parent=3717"}],"wp:term":[{"taxonomy":"product_brand","embeddable":true,"href":"https:\/\/shop.hsg-stuttgart-metzingen.de\/index.php?rest_route=%2Fwp%2Fv2%2Fproduct_brand&post=3717"},{"taxonomy":"product_cat","embeddable":true,"href":"https:\/\/shop.hsg-stuttgart-metzingen.de\/index.php?rest_route=%2Fwp%2Fv2%2Fproduct_cat&post=3717"},{"taxonomy":"product_tag","embeddable":true,"href":"https:\/\/shop.hsg-stuttgart-metzingen.de\/index.php?rest_route=%2Fwp%2Fv2%2Fproduct_tag&post=3717"}],"curies":[{"name":"wp","href":"https:\/\/api.w.org\/{rel}","templated":true}]}}