{"id":4042,"date":"2023-11-26T12:45:04","date_gmt":"2023-11-26T11:45:04","guid":{"rendered":"https:\/\/shop.hsg-stuttgart-metzingen.de\/?post_type=product&#038;p=4042"},"modified":"2025-01-22T15:30:00","modified_gmt":"2025-01-22T14:30:00","slug":"torwarthose-und-sweatpant-in-3-laengen-damen","status":"publish","type":"product","link":"https:\/\/shop.hsg-stuttgart-metzingen.de\/?product=torwarthose-und-sweatpant-in-3-laengen-damen","title":{"rendered":"Torwarthose und Sweatpant in 3 L\u00e4ngen Damen"},"content":{"rendered":"<p>Kommt absolut gem\u00fctlich: die SWEATPANT. Durch den geraden, schmalen Schnitt und den offenen Beinabschluss sitzt die Jogginghose perfekt. Mit dem Kordelzug am Bund l\u00e4sst sich auch die Weite optimal regulieren. Besonderer Clou: Die Sweatpant ist in drei L\u00e4ngen erh\u00e4ltlich. So finden auch besonders kleine oder gro\u00dfe Frauen die perfekte Jogginghose.<\/p>\n<p>Gr\u00f6\u00dfen:<br \/>\n34-48 Normall\u00e4nge<br \/>\n36L-46L Langgr\u00f6\u00dfe (circa 5 cm l\u00e4nger als Normall\u00e4nge)<br \/>\n34K-48K Kurzgr\u00f6\u00dfe (circa 6 cm k\u00fcrzer als Normall\u00e4nge)<\/p>\n<p><strong>Inkl. Spielernummer<\/strong><\/p>\n<h3 class=\"description-block__title\">MATERIAL<\/h3>\n<ul class=\"description-block__content\">\n<li class=\"list-item\"><span class=\"list-item__value\">80% Baumwolle, 20% Polyester<\/span><\/li>\n<\/ul>\n<p><span class=\"list-item__title\">Pflege:<\/span>\u00a0<span class=\"list-item__value entry--content\">Maschinenw\u00e4sche bei 30 \u00b0C, nicht Trockner geeignet, kein Weichsp\u00fcler, nicht bleichen oder chemisch reinigen.<\/span><\/p>\n<p>&nbsp;<\/p>\n","protected":false},"excerpt":{"rendered":"<ul>\n<li><strong>Inkl. Standard HSG Druck und Initialen bzw. Spielernummer<\/strong><\/li>\n<li class=\"list-item\"><span class=\"list-item__value\">Breiter Bund mit Kordelzug<\/span><\/li>\n<li class=\"list-item\"><span class=\"list-item__value\">Seitliche Eingrifftaschen f\u00fcr Kleinigkeiten<\/span><\/li>\n<li class=\"list-item\"><span class=\"list-item__value\">Gerader, schmaler Schnitt<\/span><\/li>\n<li class=\"list-item\"><span class=\"list-item__value\">Offener Beinabschluss<\/span><\/li>\n<\/ul>\n","protected":false},"featured_media":4049,"template":"","meta":[],"product_brand":[],"product_cat":[70,163,102,94],"product_tag":[],"class_list":{"0":"post-4042","1":"product","2":"type-product","3":"status-publish","4":"has-post-thumbnail","6":"product_cat-damen","7":"product_cat-grundausstattung","8":"product_cat-hosen-damen","9":"product_cat-hsg-team-kollektion","11":"first","12":"instock","13":"shipping-taxable","14":"purchasable","15":"product-type-variable","16":"has-default-attributes"},"_links":{"self":[{"href":"https:\/\/shop.hsg-stuttgart-metzingen.de\/index.php?rest_route=\/wp\/v2\/product\/4042","targetHints":{"allow":["GET"]}}],"collection":[{"href":"https:\/\/shop.hsg-stuttgart-metzingen.de\/index.php?rest_route=\/wp\/v2\/product"}],"about":[{"href":"https:\/\/shop.hsg-stuttgart-metzingen.de\/index.php?rest_route=\/wp\/v2\/types\/product"}],"wp:featuredmedia":[{"embeddable":true,"href":"https:\/\/shop.hsg-stuttgart-metzingen.de\/index.php?rest_route=\/wp\/v2\/media\/4049"}],"wp:attachment":[{"href":"https:\/\/shop.hsg-stuttgart-metzingen.de\/index.php?rest_route=%2Fwp%2Fv2%2Fmedia&parent=4042"}],"wp:term":[{"taxonomy":"product_brand","embeddable":true,"href":"https:\/\/shop.hsg-stuttgart-metzingen.de\/index.php?rest_route=%2Fwp%2Fv2%2Fproduct_brand&post=4042"},{"taxonomy":"product_cat","embeddable":true,"href":"https:\/\/shop.hsg-stuttgart-metzingen.de\/index.php?rest_route=%2Fwp%2Fv2%2Fproduct_cat&post=4042"},{"taxonomy":"product_tag","embeddable":true,"href":"https:\/\/shop.hsg-stuttgart-metzingen.de\/index.php?rest_route=%2Fwp%2Fv2%2Fproduct_tag&post=4042"}],"curies":[{"name":"wp","href":"https:\/\/api.w.org\/{rel}","templated":true}]}}